Does 31 divide 80228?
True
Is 9 a factor of 79596?
True
Is 53 a factor of 6334?
False
Does 58 divide 199820?
False
Is 380952 a multiple of 36?
True
Does 68 divide 110500?
True
Does 831 divide 50569?
False
Is 617544 a multiple of 36?
True
Is 54952 a multiple of 4?
True
Is 8 a factor of 29488?
True
Is 3 a factor of 88278?
True
Is 908517 a multiple of 93?
True
Is 990428 even?
True
Does 9 divide 4680310?
False
Is 63 a factor of 35976?
False
Is 16 a factor of 541001?
False
Does 158 divide 39500?
True
Is 6838706 a multiple of 9?
False
Does 57 divide 8981?
False
Is 131 a factor of 472197?
False
Does 4 divide 21852?
True
Is 183 a factor of 152073?
True
Does 38 divide 546604?
False
Does 281 divide 246156?
True
Does 14 divide 1306517?
False
Does 29 divide 680454?
False
Is 3648029 a multiple of 77?
True
Is 100435 a multiple of 265?
True
Does 13 divide 388570?
True
Is 15 a factor of 9165?
True
Is 71980 even?
True
Is 597 a factor of 10158552?
True
Does 5 divide 3290177?
False
Is 13540189 a multiple of 13?
True
Is 1196001 a multiple of 22?
False
Does 66 divide 154573?
False
Is 218 a factor of 3904768?
False
Is 41 a factor of 180482?
True
Is 464270 a multiple of 14?
False
Is 49027 a multiple of 5?
False
Is 4445293 a multiple of 21?
False
Is 120 a factor of 1646040?
True
Is 42816 a multiple of 64?
True
Does 157 divide 501144?
True
Is 901 a factor of 12401364?
True
Does 674 divide 1299410?
False
Is 9864454 a multiple of 135?
False
Is 10059816 a multiple of 18?
False
Is 115 a factor of 37203?
False
Is 33770 even?
True
Is 168345 a multiple of 43?
True
Does 8 divide 380616?
True
Does 19 divide 61310?
False
Does 6 divide 2316?
True
Is 100868 a multiple of 28?
False
Is 2369184 a multiple of 348?
True
Is 7 a factor of 699659?
False
Does 11 divide 990787?
False
Is 86326 a multiple of 17?
True
Is 85324 a multiple of 76?
False
Does 44 divide 323995?
False
Is 12 a factor of 499440?
True
Does 21 divide 16650237?
False
Does 127 divide 136271?
True
Is 215045 a multiple of 55?
False
Does 77 divide 1386460?
False
Is 15857490 a multiple of 11?
True
Is 22554 a multiple of 179?
True
Is 303 a factor of 469347?
True
Is 965453 a multiple of 10?
False
Is 12918297 a multiple of 9?
False
Is 213 a factor of 1128489?
False
Does 3 divide 138108?
True
Is 14 a factor of 38384?
False
Does 17 divide 84268?
False
Is 1005345 a multiple of 9?
True
Is 301645 a multiple of 61?
True
Is 529 a factor of 1178612?
True
Is 315 a factor of 1453725?
True
Is 132 a factor of 14575176?
True
Is 2359136 a multiple of 937?
False
Is 105430 a multiple of 192?
False
Is 13 a factor of 152386?
True
Does 608 divide 2012453?
False
Is 2 a factor of 12908?
True
Is 240504 a multiple of 24?
True
Does 344 divide 1475760?
True
Is 194 a factor of 23862?
True
Does 505 divide 1237570?
False
Is 2 a factor of 30309?
False
Is 158 a factor of 8938534?
True
Does 26 divide 17540?
False
Is 105 a factor of 10585833?
False
Is 1644060 a multiple of 156?
False
Is 296345 a multiple of 35?
True
Is 46913 a multiple of 18?
False
Is 94 a factor of 481374?
True
Is 2298580 a multiple of 1124?
True
Is 11 a factor of 4290?
True
Does 10 divide 2223000?
True
Does 448 divide 77504?
True
Is 178038 a multiple of 18?
True
Is 250 a factor of 3489051?
False
Is 366 a factor of 682707?
False
Is 41 a factor of 3148144?
True
Does 6 divide 4143228?
True
Is 851925 a multiple of 15?
True
Does 49 divide 216718?
False
Is 1262074 a multiple of 924?
False
Is 521 a factor of 2043362?
True
Is 106 a factor of 975379?
False
Does 10 divide 299328?
False
Does 39 divide 1581333?
True
Is 29 a factor of 27638?
False
Does 111 divide 13105?
False
Does 43 divide 1046061?
True
Is 2 a factor of 367905?
False
Does 13 divide 174174?
True
Is 1510484 a multiple of 261?
False
Is 500496 a multiple of 48?
True
Does 8 divide 362512?
True
Is 2710750 a multiple of 70?
True
Is 68087 a multiple of 31?
False
Is 42 a factor of 1757270?
False
Is 4 a factor of 245455?
False
Is 29 a factor of 203812?
True
Does 3 divide 660164?
False
Is 100346 a multiple of 131?
True
Does 5 divide 1220719?
False
Is 21 a factor of 30618?
True
Does 43 divide 100405?
True
Is 12221721 a multiple of 732?
False
Is 4 a factor of 169412?
True
Is 420497 a multiple of 91?
False
Does 39 divide 1814202?
True
Is 269 a factor of 3031361?
True
Is 216 a factor of 109512?
True
Is 3 a factor of 28835?
False
Is 24 a factor of 35112?
True
Is 6409040 a multiple of 20?
True
Is 358391 a multiple of 29?
False
Does 113 divide 1925520?
True
Is 2993576 a multiple of 8?
True
Is 524241 a multiple of 31?
True
Is 43 a factor of 1127222?
False
Does 231 divide 3430350?
True
Is 52 a factor of 2945540?
True
Does 3 divide 272952?
True
Is 8829834 a multiple of 26?
True
Does 90 divide 1991430?
True
Is 23 a factor of 76199?
True
Is 616429 a multiple of 3?
False
Is 104994 a multiple of 57?
True
Does 213 divide 221397?
False
Is 11 a factor of 2041490?
True
Does 8 divide 32040?
True
Does 17 divide 1626135?
True
Is 28589 a multiple of 160?
False
Is 92 a factor of 8343112?
True
Does 9 divide 27252?
True
Does 13 divide 194416?
False
Is 542230 a multiple of 86?
True
Is 324 a factor of 5134369?
False
Is 9094539 a multiple of 471?
True
Does 19 divide 3952?
True
Is 237480 a multiple of 30?
True
Is 389 a factor of 265360?
False
Does 461 divide 6576269?
False
Does 104 divide 8336906?
False
Is 2239650 a multiple of 474?
True
Is 13 a factor of 683800?
True
Is 1097423 a multiple of 4?
False
Does 1242 divide 8164260?
False
Does 25 divide 10075?
True
Does 32 divide 13825?
False
Does 8 divide 759848?
True
Is 55 a factor of 11339743?
False
Is 9 a factor of 94758?
False
Does 31 divide 345588?
True
Is 187300 a multiple of 25?
True
Is 28907 a multiple of 67?
False
Is 24 a factor of 7947312?
True
Does 203 divide 8652?
False
Does 5 divide 51705?
True
Is 866909 a multiple of 832?
False
Does 5 divide 220835?
True
Is 102988 a multiple of 25?
False
Does 2 divide 463505?
False
Is 37 a factor of 467842?
False
Does 68 divide 172244?
True
Does 16 divide 3931152?
True
Is 96 a factor of 14386533?
False
Does 251 divide 1057463?
True
Is 2929645 a multiple of 96?
False
Is 114 a factor of 730459?
False
Is 152938 a multiple of 32?
False
Is 8 a factor of 23023?
False
Does 773 divide 1778673?
True
Is 270 a factor of 532729?
False
Is 189653 a multiple of 21?
False
Is 82103 a multiple of 5?
False
Is 10987801 a multiple of 220?
False
Is 3171585 a multiple of 87?
True
Is 126537 even?
False
Is 110376 a multiple of 84?
True
Is 252078 a multiple of 37?
False
Is 15989 a multiple of 59?
True
Does 791 divide 575198?
False
Is 97 a factor of 239299?
True
Is 4 a factor of 3716026?
False
Is 3 a factor of 105451?
False
Is 5 a factor of 289560?
True
Does 8 divide 6447200?
True
Is 902796 a multiple of 23?
True
Does 43 divide 336776?
True
Is 388 a factor of 6578928?
True
Is 51 a factor of 113781?
True
Is 23579 a multiple of 73?
True
Is 44037 a multiple of 9?
True
Is 496320 a multiple of 160?
True
Is 34 a factor of 1763561?
False
Is 1661822 a multiple of 287?
False
Is 73458 a multiple of 11?
True
Does 43 divide 2741511?
False
Is 138684 a multiple of 235?
False
Is 43 a factor of 152314?
False
Is 18235108 a multiple of 73?
True
Does 79 divide 555070?
False
Is 265875 a multiple of 125?
True
Is 6 a factor of 22935?
False
Is 17857 a multiple of 2?
False
Is 92 a factor of 145084?
True
Is 153 a factor of 5561318?
False
Is 660258 a multiple of 6?
True
Is 106 a factor of 2415131?
False
Is 3775747 a multiple of 354?
False
Does 41 divide 268057?
False
Does 111 divide 133866?
True
Is 88 a factor of 35527?
False
Does 80 divide 2328080?
True
Is 3 a factor of 18987?
True
Is 15 a factor of 205867?
False
Is 126718 a multiple of 38?
False
Is 57 a factor of 116052?
True
Is 9412260 a multiple of 11?
True
Is 169 a factor of 453483?
False
Is 2179510 a multiple of 52?
False
Is 54 a factor of 107946?
True
Does 42 divide 54894?
True
Is 24 a factor of 846775?
False
Does 35 divide 45815?
True
Does 243 divide 425007?
True
Does 41 divide 11628912?
True
Is 15074 a multiple of 20?
False
Is 1033956 a multiple of 373?
True
Does 111 divide 2498943?
True
Does 141 divide 6367691?
False
Does 14 divide 236741?
False
Is 1271728 a multiple of 8?
True
Does 57 divide 9006?
True
Does 46 divide 2764094?
True
Does 25 divide 6372388?
False
Is 13 a 